- 13 - 12/(-9). Let w(n) = 0*n**2 + 4 - 6*n - 4*n**3 + 3*n**3 + 6*n**2. Let j be w(f). Calculate the highest common divisor of j and 117.
13
Let g(b) = 4 - 1 + 6*b - 4 + 6. Let k be g(-7). Let d = k - -39. What is the greatest common factor of d and 10?
2
Let v = -6365 - -9289. What is the highest common divisor of 136 and v?
68
Let y(a) = -4*a**2 + 162*a - 202. Let m be y(39). What is the highest common factor of m and 220?
4
Let r be (-1 + -2)*40/(-6). Suppose -s + 1493 = -489. Suppose s - 422 = 39*y. What is the highest common divisor of r and y?
20
Let w = 49 - 39. Let f(z) = -z**2 - 10*z + 3. Let s be f(-10). Suppose -s*v + 0*y + 12 = 5*y, 4*v + 3*y = 16. Calculate the greatest common factor of v and w.
2
Let g(b) = 17*b + 829. Let i be g(-43). Calculate the highest common factor of i and 34.
2
Let x be -19 - 3*15827/(-51). Calculate the greatest common divisor of 19 and x.
19
Suppose 0 = -4*t + 12*w - 17*w + 2034, -2*w = 4*t - 2052. What is the highest common divisor of 300 and t?
12
Suppose 123252*u = 123249*u + 1020. Calculate the highest common factor of u and 1080.
20
Let v(h) = 4*h + 80. Let x be v(16). Let l be -2 + x/66 - (-722)/22. What is the highest common factor of l and 33?
33
Let d(x) = -80*x + 189. Let b be d(2). Calculate the greatest common divisor of b and 13978.
29
Let i be 364/6 + (-30)/(-90). Let h be (-19)/((-76)/(-24)) + i. Calculate the highest common divisor of 165 and h.
55
Suppose -39*l + 18518 + 7183 = 0. Let o = l + -629. Calculate the greatest common factor of 660 and o.
30
Suppose 8*z - 17 = 31. Let p be z/21 + 32/(-14). Let a(d) = 6*d**2 + 4*d + 8. Let m be a(p). Calculate the highest common divisor of m and 6.
6
Let r = 559 - 936. Let g = r - -1490. Calculate the highest common factor of g and 53.
53
Let y be (-20)/70 - 1312/14. Let s = 149 + y. Suppose -5*o + 3*p = -85, -3*o + 5*p + s = o. What is the highest common divisor of 90 and o?
10
Suppose o = 2*o - 4. Let k be (-9)/108*6*-232. Calculate the highest common divisor of o and k.
4
Suppose -2*w = -4*v + 114, -3*v = 2*w - 0*w - 82. Suppose -t + 15 = 4*t. Let j(s) = 13*s**2 - 5. Let u be j(t). What is the highest common divisor of v and u?
28
Suppose -22*a + 364 = -19*a + 4*z, 500 = 4*a - 2*z. What is the greatest common divisor of a and 868?
124
Let x be (24*12)/6*1/(-2). Let i be ((-32)/x)/(-4)*-3. Let z be (-77)/(-28) - (-1)/4. Calculate the greatest common divisor of i and z.
1
Let p(u) = 2*u**3 - 7*u**2 + 98*u - 573. Let o be p(6). What is the highest common factor of o and 1131?
39
Let f be (-3 + 1/(-3))*-3. Suppose f*m - 130 = 80. Suppose -5*a + 4*k = -5 - 61, 4*a = -2*k + 58. What is the highest common divisor of a and m?
7
Let q(i) = i**3 + i**2 - i + 19. Let z be q(0). Let m be -133*715/2002*(-12)/10. Calculate the greatest common divisor of m and z.
19
Suppose 3*b - 1092 = -v, 5*v - 370 = -b + 8. Calculate the greatest common factor of 66 and b.
33
Suppose -9 = -2*p - 3*f + 4*f, 5*p - 39 = -3*f. Let u(g) = 76*g - 14. Let d be u(5). Calculate the highest common factor of p and d.
6
Suppose -3*i + 40 - 28 = 0. Let x(f) = 5*f**3 + f**2 + 2*f + 7. Let b be x(i). Suppose -b = -5*q - 51. What is the highest common divisor of q and 15?
15
Let g = 3936 - -2100. What is the greatest common divisor of 36 and g?
12
Let u = -1126 + 6139. Calculate the greatest common divisor of u and 18.
9
Suppose 7*n + 61336 = 24*n. What is the greatest common divisor of 56 and n?
8
Let x(k) = k**3 - 23*k**2 + 19*k - 34. Let a be x(22). Let u = a - -548. Calculate the greatest common divisor of 8 and u.
8
Let p = -255 + 120. Let c = p + 244. Suppose 5*x + z - 552 = 3*z, z - c = -x. What is the greatest common divisor of x and 20?
10
Let t(z) = 4*z + 30. Let d be t(-4). Let l be (-518)/(-8) + (d/56 - 1). What is the greatest common factor of 288 and l?
32
Suppose 0 = -w + 5*x + 76, -23 = w - 3*x - 97. Let m = 121 - -447. Calculate the greatest common factor of m and w.
71
Let l(v) = -2*v**3 + 79*v**2 - 21*v - 141. Let b be l(39). What is the highest common factor of b and 143?
11
Suppose 2*v + 15691 = 16879. Calculate the highest common factor of v and 396.
198
Let p(x) = 208*x**2 - x + 1. Let f be p(1). Let w be 12 + 35 + 17 - 32. What is the highest common divisor of w and f?
16
Suppose 3*y + 5*a = 1026, 5*a + 1397 = 4*y + 2*a. Suppose 139 + y = 3*h. Let g = h + 46. Calculate the highest common divisor of 26 and g.
26
Let q(p) = -p**3 + 14*p**2 + 51*p + 20. Let r be q(17). Suppose r*f = 13*f + 784. Calculate the highest common factor of f and 56.
56
Let t be 40/5 + (0 + 2 - 0). Let r(c) = -c**3 + 10*c**2 - c + 21. Let i be r(t). What is the greatest common divisor of i and 33?
11
Let a(v) = 36*v**3 - v**2 - v + 2. Suppose 10*z + 1 = 11. Let h be a(z). What is the greatest common factor of 9 and h?
9
Let s be -1 + 10 + -6 + 2 + -303. Let p be -6 + (-200)/(-35) - s/14. Let h = 52 - 31. Calculate the greatest common factor of p and h.
21
Suppose -2*i + 87 = i. Let q(l) = l**2 + 77*l - 559. Let c be q(7). Calculate the highest common factor of i and c.
29
Suppose -5*o + 7 = 2*r, -4*r + 6*o - 2*o - 28 = 0. Let h be r/(-32)*2*8. Calculate the greatest common factor of h and 7.
1
Suppose -11325 = -44*q + 16087. What is the highest common factor of 356 and q?
89
Let n be -32*2/(((-7)/(-1) + -3)/(-5)). What is the highest common divisor of n and 328?
8
Suppose 148*p - 1637500 = -114*p. What is the greatest common factor of p and 1750?
250
Let n(x) = -148*x**3 + 569*x**2 + 96*x - 5. Let u be n(4). Let l = -2 + 3. Let y be (-1)/(l - 0)*-11. What is the greatest common divisor of y and u?
11
Let l(m) = m**2 - m - 43. Let o be l(8). Suppose 0 = o*c - 327 - 375. Calculate the greatest common factor of 54 and c.
54
Let s be 19/190*4015 + (-6)/(-4). What is the greatest common divisor of s and 279?
31
Suppose 3*d - 4*o + 6 = -2, -2*d + 3*o - 7 = 0. Suppose -4*z - 258 + 6 = 4*c, d*z - 108 = 2*c. Let p = -36 - c. What is the greatest common factor of p and 8?
8
Let y = -121 - -110. Let d be (y/2)/(12/(-312)). Calculate the greatest common factor of d and 13.
13
Let o = -6321 - -6984. What is the greatest common factor of o and 1836?
51
Suppose -4*c = -c + 4*p + 23, -5*c - 3*p = 42. Let h be (16/(-5))/(c/1305). What is the highest common divisor of h and 32?
16
Let z(k) = -26*k + 404. Let m be z(13). Calculate the greatest common divisor of 385 and m.
11
Suppose -4*f + x = -70, f = -4*x + 7 + 2. Let a = -375 - -253. Let k = a + 173. Calculate the greatest common factor of f and k.
17
Let o be (-23 + 41)*((-5)/6 - -1). Let a be o/(1015/(-1554) + (-2)/(-3)). What is the greatest common factor of 12 and a?
6
Let o(h) = -h**3 + 24*h**2. Let c be o(24). Suppose c = -23*n + 28*n - 540. What is the greatest common divisor of 12 and n?
12
Suppose -5*s = 2*g - 120, -12*g - 120 = -5*s - 9*g. Calculate the greatest common factor of 1308 and s.
12
Suppose 3*q + 3*z = 150, -3*q + 127 + 44 = -4*z. Let d(c) = -166*c + 92. Let t be d(-2). What is the greatest common factor of q and t?
53
Let h(q) = -3*q + 176. Let k be h(15). Let j = -87 + k. What is the greatest common divisor of j and 836?
44
Let m be (69/(-153) - 86/(-731))/(2/(-228)). What is the highest common factor of m and 18?
2
Let s = -421 + 416. Let q be 55 + (s - -5 - (-4)/(-1)). Calculate the highest common factor of 34 and q.
17
Let d be (1 - 1 - (-80935)/15) + (-2)/3. What is the highest common factor of d and 65?
65
Let t be (-291753)/(-594) - 5/(-6). Let p be 5/2*(-144)/(-30). What is the highest common factor of t and p?
12
Suppose -4*o + 3 - 11 = 0. Let k be 0*3*o/6. Suppose k*u - 3*u - 3*d = -60, -44 = -2*u - 4*d. What is the highest common divisor of u and 54?
18
Let b(q) = 2*q**2 + 9*q**3 - 8*q**3 + 11*q + 9 + 5*q**2. Let r be b(-4). Calculate the highest common divisor of 221 and r.
13
Let n = 33 + -89. Let z = n - -111. Let w = 70 - z. What is the greatest common factor of 45 and w?
15
Suppose -156 = -2*x + 4*z + 226, 0 = 2*z - 12. Calculate the highest common divisor of 49 and x.
7
Let l(y) = -2*y**2 + 56*y + 14. Let n be l(24). Let g = 220 - n. What is the greatest common factor of 35 and g?
7
Let r be 144/(-78)*4198 + 4/26. Let i be r/(-217) + (-4)/(-14). What is the greatest common factor of 162 and i?
18
Let g = -46981 